{"id":460,"date":"2025-09-08T23:26:08","date_gmt":"2025-09-08T23:26:08","guid":{"rendered":"https:\/\/dr-kradjian-maurice.chirurgiens-dentistes.fr\/?page_id=460"},"modified":"2025-09-10T04:54:06","modified_gmt":"2025-09-10T04:54:06","slug":"prevention-buccodentaire","status":"publish","type":"page","link":"https:\/\/dr-kradjian-maurice.chirurgiens-dentistes.fr\/index.php\/prevention-buccodentaire\/","title":{"rendered":"Pr\u00e9vention buccodentaire"},"content":{"rendered":"\t\t<div data-elementor-type=\"wp-page\" data-elementor-id=\"460\" class=\"elementor elementor-460\">\n\t\t\t\t\t\t<section class=\"elementor-section elementor-top-section elementor-element elementor-element-6e36d310 elementor-section-boxed elementor-section-height-default elementor-section-height-default\" data-id=\"6e36d310\" data-element_type=\"section\">\n\t\t\t\t\t\t<div class=\"elementor-container elementor-column-gap-default\">\n\t\t\t\t\t<div class=\"elementor-column elementor-col-100 elementor-top-column elementor-element elementor-element-3d52a8a8\" data-id=\"3d52a8a8\" data-element_type=\"column\">\n\t\t\t<div class=\"elementor-widget-wrap elementor-element-populated\">\n\t\t\t\t\t\t<div class=\"elementor-element elementor-element-658cedf5 elementor-widget elementor-widget-heading\" data-id=\"658cedf5\" data-element_type=\"widget\" data-widget_type=\"heading.default\">\n\t\t\t\t\t<h2 class=\"elementor-heading-title elementor-size-default\">Hygi\u00e8ne quotidienne<\/h2>\t\t\t\t<\/div>\n\t\t\t\t<div class=\"elementor-element elementor-element-315e0a1e elementor-widget elementor-widget-text-editor\" data-id=\"315e0a1e\" data-element_type=\"widget\" data-widget_type=\"text-editor.default\">\n\t\t\t\t\t\t\t\t\t<div style=\"width: 1280px;\" class=\"wp-video\"><video class=\"wp-video-shortcode\" id=\"video-460-1\" width=\"1280\" height=\"720\" preload=\"metadata\" controls=\"controls\"><source type=\"video\/mp4\" src=\"https:\/\/dr-kradjian-maurice.chirurgiens-dentistes.fr\/wp-content\/uploads\/2025\/09\/Video-MGC-Prevention-UFSBD-Les-idees-recues-sur-lhygiene-bucco-dentaire.mp4?_=1\" \/><a href=\"https:\/\/dr-kradjian-maurice.chirurgiens-dentistes.fr\/wp-content\/uploads\/2025\/09\/Video-MGC-Prevention-UFSBD-Les-idees-recues-sur-lhygiene-bucco-dentaire.mp4\">https:\/\/dr-kradjian-maurice.chirurgiens-dentistes.fr\/wp-content\/uploads\/2025\/09\/Video-MGC-Prevention-UFSBD-Les-idees-recues-sur-lhygiene-bucco-dentaire.mp4<\/a><\/video><\/div><p>Un brossage efficace, deux fois par jour, est la base d\u2019une bonne sant\u00e9 bucco-dentaire.<br \/>\u2714 Utiliser une brosse souple ou \u00e9lectrique<br \/>\u2714 Nettoyer entre les dents avec du fil dentaire ou des brossettes<br \/>\u2714 Choisir un dentifrice fluor\u00e9<\/p><p>\ud83d\udca1 Un contr\u00f4le r\u00e9gulier au cabinet permet d\u2019adapter les conseils d\u2019hygi\u00e8ne.<\/p>\t\t\t\t\t\t\t\t<\/div>\n\t\t\t\t\t<\/div>\n\t\t<\/div>\n\t\t\t\t\t<\/div>\n\t\t<\/section>\n\t\t\t\t<section class=\"elementor-section elementor-top-section elementor-element elementor-element-2f412c1e elementor-section-boxed elementor-section-height-default elementor-section-height-default\" data-id=\"2f412c1e\" data-element_type=\"section\">\n\t\t\t\t\t\t<div class=\"elementor-container elementor-column-gap-default\">\n\t\t\t\t\t<div class=\"elementor-column elementor-col-100 elementor-top-column elementor-element elementor-element-6d0bc656\" data-id=\"6d0bc656\" data-element_type=\"column\">\n\t\t\t<div class=\"elementor-widget-wrap elementor-element-populated\">\n\t\t\t\t\t\t<div class=\"elementor-element elementor-element-7a286be9 elementor-widget elementor-widget-heading\" data-id=\"7a286be9\" data-element_type=\"widget\" data-widget_type=\"heading.default\">\n\t\t\t\t\t<h2 class=\"elementor-heading-title elementor-size-default\">Pr\u00e9vention des caries chez l\u2019enfant<\/h2>\t\t\t\t<\/div>\n\t\t\t\t<div class=\"elementor-element elementor-element-4fd20563 elementor-widget elementor-widget-text-editor\" data-id=\"4fd20563\" data-element_type=\"widget\" data-widget_type=\"text-editor.default\">\n\t\t\t\t\t\t\t\t\tLes dents de lait jouent un r\u00f4le essentiel.<br>\u2714 Brosser d\u00e8s l\u2019apparition des premi\u00e8res dents<br>\u2714 Limiter les grignotages et boissons sucr\u00e9es<br>\u2714 Scellement des sillons<br><br>\ud83d\udca1 Un suivi r\u00e9gulier d\u00e8s le plus jeune \u00e2ge favorise une dentition saine.\t\t\t\t\t\t\t\t<\/div>\n\t\t\t\t\t<\/div>\n\t\t<\/div>\n\t\t\t\t\t<\/div>\n\t\t<\/section>\n\t\t\t\t<section class=\"elementor-section elementor-top-section elementor-element elementor-element-1573a5be elementor-section-boxed elementor-section-height-default elementor-section-height-default\" data-id=\"1573a5be\" data-element_type=\"section\">\n\t\t\t\t\t\t<div class=\"elementor-container elementor-column-gap-default\">\n\t\t\t\t\t<div class=\"elementor-column elementor-col-100 elementor-top-column elementor-element elementor-element-3ffe6fb6\" data-id=\"3ffe6fb6\" data-element_type=\"column\">\n\t\t\t<div class=\"elementor-widget-wrap elementor-element-populated\">\n\t\t\t\t\t\t<div class=\"elementor-element elementor-element-57cb687c elementor-widget elementor-widget-heading\" data-id=\"57cb687c\" data-element_type=\"widget\" data-widget_type=\"heading.default\">\n\t\t\t\t\t<h2 class=\"elementor-heading-title elementor-size-default\">Pr\u00e9vention chez l\u2019adulte<\/h2>\t\t\t\t<\/div>\n\t\t\t\t<div class=\"elementor-element elementor-element-7b75f753 elementor-widget elementor-widget-text-editor\" data-id=\"7b75f753\" data-element_type=\"widget\" data-widget_type=\"text-editor.default\">\n\t\t\t\t\t\t\t\t\tChez l\u2019adulte, la pr\u00e9vention vise \u00e0 limiter caries et maladies des gencives.<br>\u2714 D\u00e9tartrage r\u00e9gulier<br>\u2714 D\u00e9tection pr\u00e9coce des caries<br>\u2714 Conseils adapt\u00e9s selon vos habitudes<br><br>\ud83d\udca1 Un rendez-vous tous les 6 \u00e0 12 mois est conseill\u00e9.\t\t\t\t\t\t\t\t<\/div>\n\t\t\t\t\t<\/div>\n\t\t<\/div>\n\t\t\t\t\t<\/div>\n\t\t<\/section>\n\t\t\t\t<section class=\"elementor-section elementor-top-section elementor-element elementor-element-6aaa0ea1 elementor-section-boxed elementor-section-height-default elementor-section-height-default\" data-id=\"6aaa0ea1\" data-element_type=\"section\">\n\t\t\t\t\t\t<div class=\"elementor-container elementor-column-gap-default\">\n\t\t\t\t\t<div class=\"elementor-column elementor-col-100 elementor-top-column elementor-element elementor-element-132cc3b4\" data-id=\"132cc3b4\" data-element_type=\"column\">\n\t\t\t<div class=\"elementor-widget-wrap elementor-element-populated\">\n\t\t\t\t\t\t<div class=\"elementor-element elementor-element-5c912584 elementor-widget elementor-widget-heading\" data-id=\"5c912584\" data-element_type=\"widget\" data-widget_type=\"heading.default\">\n\t\t\t\t\t<h2 class=\"elementor-heading-title elementor-size-default\">Sant\u00e9 des gencives et pr\u00e9vention implantaire<\/h2>\t\t\t\t<\/div>\n\t\t\t\t<div class=\"elementor-element elementor-element-ebd7eb1 elementor-widget elementor-widget-text-editor\" data-id=\"ebd7eb1\" data-element_type=\"widget\" data-widget_type=\"text-editor.default\">\n\t\t\t\t\t\t\t\t\tLes gencives soutiennent dents et implants.<br>\u2714 Surveiller saignements et gonflements<br>\u2714 Maintenir une hygi\u00e8ne rigoureuse<br>\u2714 Utiliser des brossettes adapt\u00e9es<br><br>\ud83d\udca1 Une hygi\u00e8ne adapt\u00e9e garantit la long\u00e9vit\u00e9 de vos dents et implants.\t\t\t\t\t\t\t\t<\/div>\n\t\t\t\t\t<\/div>\n\t\t<\/div>\n\t\t\t\t\t<\/div>\n\t\t<\/section>\n\t\t<div class=\"elementor-element elementor-element-40f8fa2 e-flex e-con-boxed e-con e-parent\" data-id=\"40f8fa2\" data-element_type=\"container\">\n\t\t\t\t\t<div class=\"e-con-inner\">\n\t\t\t\t\t<\/div>\n\t\t\t\t<\/div>\n\t\t\t\t<\/div>\n\t\t","protected":false},"excerpt":{"rendered":"<p>Hygi\u00e8ne quotidienne Un brossage efficace, deux fois par jour, est la base d\u2019une bonne sant\u00e9 bucco-dentaire.\u2714 Utiliser une brosse souple [&hellip;]<\/p>\n","protected":false},"author":1,"featured_media":0,"parent":0,"menu_order":0,"comment_status":"closed","ping_status":"closed","template":"","meta":{"site-sidebar-layout":"no-sidebar","site-content-layout":"","ast-site-content-layout":"full-width-container","site-content-style":"default","site-sidebar-style":"default","ast-global-header-display":"","ast-banner-title-visibility":"","ast-main-header-display":"","ast-hfb-above-header-display":"","ast-hfb-below-header-display":"","ast-hfb-mobile-header-display":"","site-post-title":"","ast-breadcrumbs-content":"","ast-featured-img":"disabled","footer-sml-layout":"","theme-transparent-header-meta":"","adv-header-id-meta":"","stick-header-meta":"","header-above-stick-meta":"","header-main-stick-meta":"","header-below-stick-meta":"","astra-migrate-meta-layouts":"default","ast-page-background-enabled":"default","ast-page-background-meta":{"desktop":{"background-color":"var(--ast-global-color-5)","background-image":"","background-repeat":"repeat","background-position":"center center","background-size":"auto","background-attachment":"scroll","background-type":"","background-media":"","overlay-type":"","overlay-color":"","overlay-opacity":"","overlay-gradient":""},"tablet":{"background-color":"","background-image":"","background-repeat":"repeat","background-position":"center center","background-size":"auto","background-attachment":"scroll","background-type":"","background-media":"","overlay-type":"","overlay-color":"","overlay-opacity":"","overlay-gradient":""},"mobile":{"background-color":"","background-image":"","background-repeat":"repeat","background-position":"center center","background-size":"auto","background-attachment":"scroll","background-type":"","background-media":"","overlay-type":"","overlay-color":"","overlay-opacity":"","overlay-gradient":""}},"ast-content-background-meta":{"desktop":{"background-color":"var(--ast-global-color-4)","background-image":"","background-repeat":"repeat","background-position":"center center","background-size":"auto","background-attachment":"scroll","background-type":"","background-media":"","overlay-type":"","overlay-color":"","overlay-opacity":"","overlay-gradient":""},"tablet":{"background-color":"var(--ast-global-color-4)","background-image":"","background-repeat":"repeat","background-position":"center center","background-size":"auto","background-attachment":"scroll","background-type":"","background-media":"","overlay-type":"","overlay-color":"","overlay-opacity":"","overlay-gradient":""},"mobile":{"background-color":"var(--ast-global-color-4)","background-image":"","background-repeat":"repeat","background-position":"center center","background-size":"auto","background-attachment":"scroll","background-type":"","background-media":"","overlay-type":"","overlay-color":"","overlay-opacity":"","overlay-gradient":""}},"footnotes":""},"class_list":["post-460","page","type-page","status-publish","hentry"],"_links":{"self":[{"href":"https:\/\/dr-kradjian-maurice.chirurgiens-dentistes.fr\/index.php\/wp-json\/wp\/v2\/pages\/460","targetHints":{"allow":["GET"]}}],"collection":[{"href":"https:\/\/dr-kradjian-maurice.chirurgiens-dentistes.fr\/index.php\/wp-json\/wp\/v2\/pages"}],"about":[{"href":"https:\/\/dr-kradjian-maurice.chirurgiens-dentistes.fr\/index.php\/wp-json\/wp\/v2\/types\/page"}],"author":[{"embeddable":true,"href":"https:\/\/dr-kradjian-maurice.chirurgiens-dentistes.fr\/index.php\/wp-json\/wp\/v2\/users\/1"}],"replies":[{"embeddable":true,"href":"https:\/\/dr-kradjian-maurice.chirurgiens-dentistes.fr\/index.php\/wp-json\/wp\/v2\/comments?post=460"}],"version-history":[{"count":7,"href":"https:\/\/dr-kradjian-maurice.chirurgiens-dentistes.fr\/index.php\/wp-json\/wp\/v2\/pages\/460\/revisions"}],"predecessor-version":[{"id":475,"href":"https:\/\/dr-kradjian-maurice.chirurgiens-dentistes.fr\/index.php\/wp-json\/wp\/v2\/pages\/460\/revisions\/475"}],"wp:attachment":[{"href":"https:\/\/dr-kradjian-maurice.chirurgiens-dentistes.fr\/index.php\/wp-json\/wp\/v2\/media?parent=460"}],"curies":[{"name":"wp","href":"https:\/\/api.w.org\/{rel}","templated":true}]}}